, 7, 83
Let k(j) = j**3 - 4*j**2 - 8*j + 7. Let x be k(6). Let b(y) = -y**2 + 2*y**2 + 34 + 8*y - x. List the prime factors of b(-9).
2, 3
Let b(t) = t**2. Let q(r) = -53*r**2 + r - 1. Let m(j) = -5*b(j) - q(j). List the prime factors of m(-1).
2, 5
Let n(p) = p**2 - 3*p - 10. Let d be n(-2). Suppose -6*r + 3*r + 381 = d. What are the prime factors of r?
127
What are the prime factors of 10/((-8)/4) - 27504/(-8)?
3433
Suppose 224*t + 446 = 226*t. List the prime factors of t.
223
Suppose 2*p + 5*a = -23 + 6, -4*p + 2*a + 26 = 0. Suppose -5*z = -4*y + 36, -y = z + p*y - 16. Let s(f) = -3*f + 3. List the prime factors of s(z).
3, 5
Let y(u) = u**3 - 8*u**2 + 10*u - 2. Suppose 0 = -32*m + 35*m - 21. List the prime factors of y(m).
19
Suppose 0 = -3*z - 0 + 3. Let r = 53 - z. What are the prime factors of r?
2, 13
Suppose 14*r - 8207 = 1929. List the prime factors of r.
2, 181
Suppose -15 = -61*v + 56*v. Let t(b) = 8*b - 18. List the prime factors of t(v).
2, 3
Suppose 0 = k + 2*m - 1663, 6*k = k - m + 8297. List the prime factors of k.
3, 7, 79
Let z(t) = 2*t - 5. Let r(j) = 14*j - 42. Let x(c) = -119*c + 357. Let g(k) = 42*r(k) + 5*x(k). Let o(y) = 4*g(y) + 18*z(y). List the prime factors of o(10).
2, 37
Let g(n) be the first derivative of 4*n**3/3 + n**2/2 + 2*n - 9. Let i be g(-2). Suppose -17*t = -i*t - 29. What are the prime factors of t?
29
Let c = -17 + 13. Let i be c/(-12) - 112/(-6). Suppose -5*a = 5*g - 90, 0 = 5*g - 2*a - 109 + i. List the prime factors of g.
2, 3
Let v = -17 - -15. Let w be v/(1 + -3)*-9. What are the prime factors of 9/(-3)*(w + -4)?
3, 13
Suppose 0 = -4*a + 2*a + 3*u + 50, 0 = -5*a + 5*u + 115. Let k = a - -9. List the prime factors of k.
2, 7
Let x be 2 - 3 - (-52)/2. Let c(g) = g**2 - 9*g + 6. Let a be c(7). Let u = a + x. What are the prime factors of u?
17
Suppose -5*t + 1876 = 4*l, 1507 = 4*t + 2*l - 5*l. List the prime factors of t.
2, 47
Let x = 154 - 94. List the prime factors of x.
2, 3, 5
Suppose 5*w + 23 = -47. Let n = w - -16. Suppose -x + 5 = i + 3, -5*x = i + n. List the prime factors of i.
3
Let x = -40 + 83. Suppose -x*j - 789 = -46*j. What are the prime factors of j?
263
What are the prime factors of 16242/10 - 28/(-35)?
5, 13
Let w = -2416 + 3723. What are the prime factors of w?
1307
Let m = 53 + -47. Suppose 0 = -m*f - 9 + 57. List the prime factors of f.
2
Suppose -3*h - 4 = -10. Suppose h*w - 330 = -3*w. List the prime factors of w.
2, 3, 11
Suppose -24*w + 1256 = -22*w. What are the prime factors of w?
2, 157
Let o = -764 + 1206. List the prime factors of o.
2, 13, 17
Suppose -610 = -2*u - 5*d, -6*u + 7*u = 2*d + 287. What are the prime factors of u?
5, 59
Suppose -9*k = 646 - 3373. List the prime factors of k.
3, 101
Suppose 0 = 4*j - x + 4, 0 = -3*j - x - 4*x + 20. Suppose j = -4*c + c + 27. List the prime factors of c.
3
Let d = 23 + -21. Suppose -5 = 3*w - d. What are the prime factors of 16 + w/(-1) - -1?
2, 3
Let k(q) = 4*q**2 - 2*q + 1. Let w be k(1). Suppose -w*d = -0*d. Suppose -4*l + 83 + 101 = d. List the prime factors of l.
2, 23
Let x(n) = -3*n**3 + 2*n**2 + 3*n + 3. List the prime factors of x(-2).
29
What are the prime factors of (-7665)/(-45) + (-4)/12?
2, 5, 17
Let g(c) = c - 5. Let y be g(8). Suppose -216 = -w - y*w. Suppose 0*v - 2*v + w = 0. List the prime factors of v.
3
Let v(n) = 29*n**2 - 2. Suppose 16*u - 15*u = -1. List the prime factors of v(u).
3
Let a be (-2 - 35/(-10))/((-3)/(-8)). Let c(b) = 3*b**3 - 5*b**2 + 4*b + 1. List the prime factors of c(a).
3, 43
Let t(g) = g**2 + 6*g - 16. Suppose 0*h + 2*h = 10. Let q be t(h). Suppose 5*o = 3*m - q, -44 - 8 = -4*m - o. List the prime factors of m.
13
Let j = -5065 - -8663. List the prime factors of j.
2, 7, 257
Let q = 0 - -7. Let a(r) = 1 - r + q - 1 + 7. What are the prime factors of a(6)?
2
Let l(j) = -6 - 57*j + 4*j**2 + 58*j + 2*j**2. List the prime factors of l(5).
149
What are the prime factors of (2/(-4))/((-148)/577496)?
1951
Let u(h) = -3*h**3 + 3*h**2 - 5*h - 3. Suppose -9 = -i - 0*i - 3*y, -5*y = -20. List the prime factors of u(i).
2, 3, 5
Suppose -597 = 3*i - 2820. What are the prime factors of i?
3, 13, 19
Let a = -119 + 130. Suppose -16*l + a*l + 930 = 0. What are the prime factors of l?
2, 3, 31
Let z(r) = r**3 + 12*r**2 + 13*r + 15. Let p be (-1)/((-96)/33 - -3). Let t be z(p). Let a = 17 + t. List the prime factors of a.
2, 5
Suppose 5*v - 76 = -6. List the prime factors of 2064/21 - v/49.
2, 7
Let n(v) = 991*v - 85. What are the prime factors of n(1)?
2, 3, 151
Let r be 2847/2*((-3)/9 + 1). Suppose 4*d - r = -5*l, 0 = -l - 5*d + 232 - 59. What are the prime factors of l?
193
Let r = -1175 - -1695. List the prime factors of r.
2, 5, 13
Let z = -13 - -15. Suppose 0 = -z*a + 16 + 2. Let g = 0 + a. What are the prime factors of g?
3
Let m(i) = -i**2 + 3*i + 14. Let z be m(9). Let k be (1900/z)/(2/4). Let l = k + 161. List the prime factors of l.
2, 3, 11
Suppose -168 - 112 = 7*t. List the prime factors of t*(((-62)/10 - -3) + 2).
2, 3
Let g(s) = -16*s - 8. Let k be g(2). Let w = 27 - 39. List the prime factors of (k/w)/(2/3).
5
Let l(s) = 11*s - 1. Let z = -12 + 15. Suppose -4*a = -16, 4*a - 17 = 2*f - z*f. List the prime factors of l(f).
2, 5
Let o(c) = c**3 - 6*c**2. Let z be o(6). Suppose z = -5*k + 20 - 0. Suppose -5*r = -k*r - 17. List the prime factors of r.
17
Let a(h) = -h**2 - 5*h + 9. Let p be (-2)/5 - 56/10. Let q be a(p). Suppose d - q*c = 3*d - 18, d = c - 1. List the prime factors of d.
3
Suppose -2*q + 409 = -229. Suppose 5*s - 4*i = 337, -i + q = 5*s + i. What are the prime factors of s?
5, 13
Suppose -2*h + 39 + 33 = 0. Let y = 29 - h. Let z = 32 + y. List the prime factors of z.
5
Suppose 3*t = 5*d - 307, 4*d = -3*t + t + 250. List the prime factors of d.
2, 31
Let y(j) = 3*j**2 + 3*j - 3. Let a(c) = c**2 + c - 1. Let n(d) = -11*a(d) + 4*y(d). What are the prime factors of n(-14)?
181
Suppose 0 = -5*s - 5*d + 7*d + 17, s = d + 4. Suppose -s = 10*x - 523. List the prime factors of x.
2, 13
Let i = 15 - 11. Suppose 0 = v + i*h - 36, -3*v + h = 3*h - 68. List the prime factors of v.
2, 5
Let g = -768 + 1056. List the prime factors of g.
2, 3
Let x(a) = a**2 + 5*a - 10. Let j be x(-6). Let u = j + 6. Suppose u*p - 120 = -4*p. What are the prime factors of p?
2, 5
Let k(g) = 16*g + 7. Let a be k(7). Let f = a + -63. List the prime factors of f.
2, 7
Suppose 37 + 19 = 14*q. Let k(i) = 2*i**2 - 3*i + 3. Let o be k(-4). Suppose -o = q*m - 187. List the prime factors of m.
5, 7
Let t(c) = -c**3 - 8*c**2 - 8*c - 4. Let h be t(-7). Suppose -h = -4*x + 13. Suppose -42 = 2*u - x*u. What are the prime factors of u?
3, 7
Let i be (-531)/4 + (15/12)/(-5). Let z = 225 + i. What are the prime factors of z?
2, 23
Let k(r) = 7*r**2 - r - 2. Let v be k(-1). Suppose -3*y = -5*b + 308, v*b - 2*b - 264 = -2*y. What are the prime factors of b?
2
Suppose 4*r = 5*a - 26 - 7, r = -2. Suppose 16 = 2*k - 5*o, 3*o + 26 = 5*k + a. Suppose 5*j + 160 = 4*l, 0 = 4*l - 0*l + k*j - 192. List the prime factors of l.
3, 5
Suppose 9*u - 2338 + 448 = 0. List the prime factors of u.
2, 3, 5, 7
What are the prime factors of (24/5 - 5)*-2635?
17, 31
Let a = 78 + -72. Suppose -3*d - 621 = -a*d. List the prime factors of d.
3, 23
Let o = -21 - -33. Let i be -5*(-2)/6*-3. Let h = i + o. List the prime factors of h.
7
Let q(a) = a**3 + 2*a**2 + 4. Let t be q(0). Suppose t*j = 156 + 32. List the prime factors of j.
47
What are the prime factors of 8265/15 - 9/6*4?
5, 109
Suppose i - g = 414, -6*i - 4*g = -2*i - 1640. List the prime factors of i.
2, 103
Suppose 5*f + 4*f = 3888. Suppose -3*u + 0*u = 3*c - f, 430 = 3*c + 5*u. What are the prime factors of c?
5, 29
Suppose 2*v = -3*f + 94, 3*v = -4*f + 3*f + 29. Let t = 216 + f. List the prime factors of t.
2, 31
Let h = -3 - -7. Suppose 3 = -h*y + 5*y. Suppose -y*k = -x - 9, 28 = x + 3*k + 7. List the prime factors of x.
2, 3
Let i(n) = 0 - 49*n + 0 + 3 + 15*n. What are the prime factors of i(-1)?
37
Let l be 3688/20 + (-2)/5. Suppose 0*y + 2*n = -2*y + 108, 4*y - l = 4*n. List the prime factors of y.
2, 5
Suppose -3*r - s = -6*r - 2, 0 = -4*s + 8. Suppose 5*f - 817 + 127 = r. List the prime factors of f.
2, 3, 23
What are the prime factors of (-65 + -279)*(-2)/4?
2, 43
Suppose -4*